of o(3)?
8
Let c = 49 - 14. What is the tens digit of c?
3
Suppose -5*i + 19 = 2*d - 23, d = -2*i + 17. Let z(u) = 2*u - 9. Let c be z(i). Suppose c*s - 2*s - 35 = 0. What is the units digit of s?
7
Let o(u) = 35*u**2 + 6*u + 10. What is the units digit of o(-3)?
7
What is the units digit of (-3 + -5 + 20)*(-2)/(-6)?
4
Let h = 151 - 51. What is the tens digit of h?
0
What is the units digit of 51 - (-3)/(6/(-8))?
7
Suppose 2*i - t = -i - 10, 3*i + 22 = 4*t. What is the units digit of 1/((-69)/(-33) + i)?
1
Let w = -1 - -4. Suppose w*u = -u. Suppose 3*j - 5*o - 30 = u, -4*j - 2*o = 3*o - 5. What is the units digit of j?
5
Let s be (-38)/14 - (-4)/(-14). Let a(l) = -2*l. Let c be a(s). Suppose 0 = 3*f - 15, c*x - 45 = x - 4*f. What is the units digit of x?
5
Let o = 6 - 8. Suppose 2*y + 3*k = -24, -y = -0*y + 2*k + 14. What is the units digit of (39/(y/o))/1?
3
Let c = -13 - -22. Let q = c - -9. Suppose 0 = -3*n + 6 + q. What is the units digit of n?
8
Let y be ((-644)/(-10))/((-1)/(-15)). What is the units digit of y/49 + 2/7?
0
Let f(r) = -7*r - 1. Suppose 3*y + 15 = -3*n - 6, 0 = -n - 1. Let l be f(y). Suppose -h + 3*k - 7 = -1, k = -4*h + l. What is the units digit of h?
9
Suppose 0 = -5*s - 2*h + 2, -3 + 7 = 4*h. Suppose -3*r + 32 = r. Let d = r + s. What is the units digit of d?
8
Let c = -10 + 86. What is the units digit of c?
6
Let i = -4 - -8. What is the tens digit of (-11 + 14)/(1/i)?
1
Let b be (5 + -4)/((-1)/(-2)). Suppose -q + b*q - 6 = 0. What is the units digit of (-2)/6 - (-62)/q?
0
Let v(g) = g**3 - 5*g**2 + 5*g - 1. Let n be v(4). Suppose 5*o + 40 = q - 4*q, 4*o + q + 32 = 0. Let x = n - o. What is the units digit of x?
1
What is the hundreds digit of (102 - (2 + -3)) + 3?
1
Let l(p) = 13*p - 3. Let t(v) = -2*v**2 + 5*v - 2. Let f be t(3). Let k be l(f). What is the tens digit of (-4)/(-14) + k/(-7)?
1
Let o(w) = 0 - w + 1 + 4*w**2 - w. Let d be o(1). What is the units digit of (-9)/((-9)/3)*d?
9
Let z(y) = -y**3 + 11*y**2 - 2*y - 16. What is the units digit of z(8)?
0
Suppose -r + 1 = -3. What is the units digit of r?
4
What is the tens digit of (-4 + (-9)/(-2))*62?
3
Let j(v) be the first derivative of -v**4/4 + 11*v**3/3 + 6*v**2 + 9*v - 5. What is the units digit of j(12)?
9
Suppose -n - 96 = -5*n. Let g = n - 17. What is the units digit of g?
7
Suppose 55 - 229 = -4*f + 3*s, 48 = f - 3*s. What is the units digit of f?
2
Let u = -38 - -42. Suppose 0 = 2*a - a - 5. Suppose -13 - 3 = u*m, 3*l - 29 = a*m. What is the units digit of l?
3
Let v = -74 - -95. What is the tens digit of v?
2
What is the units digit of 14/12 + (-2)/12 - -134?
5
Suppose -206 - 226 = -6*z. What is the units digit of z?
2
Suppose -23 = 2*g - 329. What is the tens digit of g?
5
Suppose -98 = -3*u + 16. What is the tens digit of u?
3
Let k be ((-10)/(-3))/((-1)/3). Let w be (-2 + k)*(-1)/(-2). What is the tens digit of (-40)/6*w/4?
1
Let l = 130 - 86. Let o = 21 + -18. Suppose 4*f = 2*j + l, o*f + 0*j = 2*j + 32. What is the units digit of f?
2
Suppose 3*s = -t - 17, -s - 18 = 2*t + s. Let v(h) = 3*h**2 + 5*h - 2. What is the units digit of v(t)?
8
Let u = -1 + 2. Let r be -3*((-8)/(-3) - u). Let z = 1 - r. What is the units digit of z?
6
Let x(u) be the third derivative of -u**5/10 - 3*u**2. Let q be x(-1). What is the units digit of -1*((2 - 0) + q)?
4
Suppose 4*j = -j + 75. Suppose -2*l + 11 + j = 0. What is the units digit of l?
3
Let y(i) = i**2 - 4*i - 8. Let j be y(6). Suppose j*f = -f. Suppose 5*x + 2*r + 0 = 15, f = -x - 5*r + 3. What is the units digit of x?
3
What is the hundreds digit of -3 + (31 + 3/(-3))*4?
1
Let s(n) be the first derivative of 5*n**4/4 - 2*n**3/3 + n**2/2 - 2. Let z be s(1). Suppose -3*p = -a + 3*a - 34, 5*a = z*p - 53. What is the tens digit of p?
1
Let r(c) = -c**3 - 3*c**2 + 3*c. Let v be r(-4). Let m = v + 16. What is the units digit of m?
0
Let i be (-68)/16 - 1/(-4). What is the units digit of -3*i/((-6)/(-3))?
6
Let g(d) = d**2 - 1 - 4 - 1 - 7*d. Let s be g(6). Let i = -7 - s. What is the units digit of i?
5
Suppose 0 = 169*u - 171*u + 60. What is the tens digit of u?
3
Let j(a) = -2*a + 4. Let z = -16 + 8. What is the units digit of j(z)?
0
Let v(i) = i**3 + 6*i**2 + 7*i + 5. Let h(n) = n**2 + n + 1. Let g(j) = 2*h(j) - v(j). What is the units digit of g(-4)?
7
What is the units digit of (-3)/(-6) + ((-242)/(-4) - 4)?
7
Let z(n) = 2 + 3 - 7 + 2*n. Suppose 0 = 4*j + 3*v - 42, 0 = j - 5*v - 1 + 2. What is the tens digit of z(j)?
1
Suppose -6 - 4 = -2*w. Suppose 0 = -u + w*u - 8. Suppose -2*t + u = -6. What is the units digit of t?
4
Let y(v) = v**2 - v - 1. Let j(k) = -4*k**2 + k + 6. Let f(i) = j(i) + 3*y(i). Let n be f(-3). Suppose n = 2*w - 12 + 4. What is the units digit of w?
4
Let q(f) = f**2 - 8*f + 9. What is the units digit of q(7)?
2
What is the units digit of (60 - 0) + (0 - -9 - 6)?
3
Let l be (-232)/(-9) - (-4)/18. Suppose -2*y - 5 + 1 = -2*a, -5*y + l = 4*a. What is the units digit of 4 + 4/y + -4?
2
Let d be 40/(-6) + 6/9. Let q = d + 10. What is the units digit of q?
4
Let u(n) = -n**3 - 12*n**2 - 10*n + 14. Let s be u(-11). Suppose 0*t = -2*f + 2*t + 42, -s*t - 81 = -4*f. What is the tens digit of f?
1
Let u = 4 + 0. What is the units digit of u?
4
Let a = -22 - -85. What is the units digit of a?
3
Suppose -k + 21 = 16. What is the units digit of k?
5
Let j = 36 - 3. What is the units digit of j?
3
Let q be 41/((-21)/(-6) + -3). Suppose 4*n + 5*y - q = 0, 2*y - 76 = n - 5*n. What is the tens digit of n?
1
Suppose -5*o = -2*o - 2*d - 4, -2*o = -2*d - 4. What is the tens digit of 3*((-104)/(-12) + o)?
2
Suppose 9*c = -459 + 2313. What is the tens digit of c?
0
What is the units digit of (-56)/14*25/(-2)?
0
Suppose -4*l + 16 = 2*q - 0*q, -4*l + 20 = 3*q. What is the units digit of l?
2
What is the units digit of 345/75 + (-2)/(-5)?
5
Let x(j) = -2*j + 15. Let o be x(11). What is the units digit of 2 + (-4)/1 - o?
5
Let z(h) = -h - 4. Let c be z(-10). What is the tens digit of (c + -3)/(3/28)?
2
Let q = 25 + 4. What is the units digit of q?
9
Let c = 7 + -5. Suppose c*k + t = 25, -5*k + 9 = -4*t - 21. What is the units digit of k?
0
Suppose 4*t + 126 - 1046 = -4*z, z + 698 = 3*t. What is the hundreds digit of t?
2
What is the tens digit of (-42)/(-9)*(-36)/(-7)?
2
Suppose -8 = -3*s + 5*l, -4*s + l + 2*l = -18. Suppose s = -z + 2*z. What is the units digit of z?
6
What is the tens digit of 16/(-10)*30/(-4)?
1
Let x(l) = 3*l**2 - l - 3. Let g = 0 + -3. Let b be x(g). Suppose -b = -5*u - c + 63, -36 = -2*u - 5*c. What is the tens digit of u?
1
Let p = -28 + 62. Suppose 0*f - f + p = 0. What is the tens digit of f?
3
Let g = -3 + 32. Let u = g - 13. What is the units digit of u?
6
Let x(m) = -6 + 0*m**2 + 3*m**2 + m**2 - 2*m**2 + 9*m. What is the tens digit of x(-8)?
5
Let b = 187 - 123. What is the units digit of b?
4
Let k(t) = t**2 + 5. What is the units digit of k(0)?
5
Suppose 2*x + 42 = -2*t, t + 3*x - x + 26 = 0. Let n = 5 - t. What is the units digit of n?
1
Let y(v) = 12*v + 5 + 6*v + 2*v. Let d be y(-4). What is the units digit of (d/20)/(3/(-8))?
0
Let l = -6 - -23. Suppose l = 2*x - 5. What is the tens digit of x?
1
Suppose 0 = -3*x + 5*c + 31, 4*x - 39 + 9 = c. Let a = 11 - x. What is the units digit of a?
4
Let a(v) = -3 + 0*v + 0*v + v. Let n be a(0). What is the units digit of (0/n)/(-3) + 7?
7
Suppose -3*m = -3*h + 21, -3*h = -h - 4*m - 12. Let o be ((-7)/(-2))/(2/h). Let z = 25 - o. What is the units digit of z?
1
Suppose -5*l = -822 - 13. What is the tens digit of l?
6
Let y(q) = q + 4. Let g be y(-3). Suppose -2*k - g = 7, -15 = -t + 3*k. What is the units digit of t?
3
Let q(j) = -39*j + 7. What is the units digit of q(-2)?
5
Suppose 0 = 4*l + l - 545. What is the units digit of l?
9
Suppose 0 = -4*q - 5*m + 12, q - 2*q - 2*m + 3 = 0. Let p(o) = q + 3*o - 4*o**2 - 7*o + 5*o**2 + 0*o**2. What is the units digit of p(4)?
3
Suppose -j + 38 = -2*d, 155 = 3*j + 4*d + 1. What is the tens digit of j?
4
Let q(s) be the third derivative of -2*s**2 + 1/6*s**3 + 0 + 0*s - 1/6*s**4. What is the units digit of q(-2)?
9
Let b(v) = -v**3 + 6*v**2 + v - 1. Let c be b(6). Let o = c - 4. What is the units digit of o?
1
Let a = -16 - 8. Let s be (-8)/a - 23/(-3). What is the units digit of (3 - -12)/(